rime factors of y.
5, 13, 61
Suppose -q = -3*x + 7, -2*q - x - 64 = 3*x. Let f(g) = g + 30. Let n be f(17). Let c = n + q. What are the prime factors of c?
5
Let h = 27 + -20. Let f(u) = -u**2 + 9*u + 1. Let z be f(h). List the prime factors of (z/(-12))/(1/(-52)).
5, 13
Let i(q) = -14*q + 6 + q - 11. List the prime factors of i(-10).
5
Suppose 25*x - 20*x + 1820 = 0. Let g = x + 516. List the prime factors of g.
2, 19
Let k(z) = -3*z**3 + 3*z**2 - 2. Let m be k(-2). Suppose q + 10 = m. What are the prime factors of q?
2, 3
Let f(o) = -19*o + 7. Let j(m) = 2*m**2 - 14*m + 15. Let r be j(5). List the prime factors of f(r).
2, 3, 17
Let x(n) = -4*n**2 + 3 + 2*n**2 + 5*n + n + 0. Let q be x(5). Let u = 8 - q. List the prime factors of u.
5
Suppose 3*a + 140 = 4*a. Suppose a = -3*o - 2*o. What are the prime factors of 2 - (-1 + 0 + o)?
31
Suppose 8*d + 44 = 2036. List the prime factors of d.
3, 83
Suppose 2*j + 4*z - 385 = 175, 2*z = 0. What are the prime factors of j?
2, 5, 7
Let d(j) = 2*j**3 - 13*j**2 - 21*j + 133. What are the prime factors of d(13)?
11, 17
Let z(l) = l + 1. Let c be z(1). Let x = 20 + c. Suppose x - 7 = 3*o. List the prime factors of o.
5
Suppose -5*t = 3*t - 1360. What are the prime factors of t?
2, 5, 17
Let d(p) = -29*p - 8. Let t(m) = 3*m + 2. Let i be t(-2). Let w be d(i). Suppose w = -16*o + 20*o. List the prime factors of o.
3
Suppose 2*t + 12*i - 15*i - 1748 = 0, -16 = -4*i. What are the prime factors of t?
2, 5, 11
Let h(o) = 2*o**3 - 2*o**2 + o - 1. Let n be h(2). Suppose -8*w = -n*w - 10. What are the prime factors of 3/(-6) - 445/w?
2, 11
Let o(b) = 50*b - 6. Let s be o(4). Let u = s + -120. What are the prime factors of u?
2, 37
List the prime factors of (81060/(-112))/(3/(-4)).
5, 193
Let x(p) = -250*p**3 - 2*p**2 + 7. List the prime factors of x(-2).
1999
Let h be (-24)/(-132) - 832/(-22). Let x = -10 + h. Suppose x = 5*u - 92. List the prime factors of u.
2, 3
Let u = -165 - -341. Suppose 2*n - u + 10 = 0. Suppose n = 2*d + 11. List the prime factors of d.
2, 3
Suppose 4*m - 25788 = -4*z, -22 = -0*m + 11*m. What are the prime factors of z?
6449
Let h = -244 - -791. What are the prime factors of h?
547
Let d(q) = q**2 + 9*q + 11. Let r be d(-6). Let v(t) = t**2 - 12*t - 16. List the prime factors of v(r).
3, 13
Suppose -4*r + 92 + 12 = 0. Let j(d) = 9*d + 50. List the prime factors of j(r).
2, 71
Let h = -1925 + 3829. List the prime factors of h.
2, 7, 17
Let v(c) = -c**2 + 8*c - 1. Let x be v(8). Let s be (x + 7/(-3))*3. Let y = 16 + s. What are the prime factors of y?
2, 3
Let y be 34/(-4) - (-4)/(-8). Let b = y - -12. Suppose 4*d + b*w - 29 - 37 = 0, d + w = 16. List the prime factors of d.
2, 3
Suppose -2*z = -p + 1156, 5*p + z - 5824 = -0*p. What are the prime factors of p?
2, 3, 97
Let a(f) be the second derivative of -5*f**3/6 + 8*f**2 + 8*f. List the prime factors of a(-6).
2, 23
Suppose 19*b - 17*b - 4 = 0. Suppose b*t = -5*z + 120 + 40, -5*z = -3*t + 190. What are the prime factors of t?
2, 5, 7
Let m(b) = 2*b**3 + 13*b**2 + 3*b - 14. Let c be m(-6). Let v be 4 + -4 + -1 + c. List the prime factors of 0 - (-32 + -1 + v).
2, 3, 5
Suppose 5*i = -5*o + 7410, -4*i = -4*o + 481 + 5439. List the prime factors of o.
1481
List the prime factors of 3*-5*5/(-15) - -403.
2, 3, 17
Let x = 65 + 5. Let h = 3 + x. What are the prime factors of h?
73
Suppose -r = -7*r + 12. Suppose -r*n = 4*j + 53 - 217, 4*j = 4. What are the prime factors of n?
2, 5
Let b(v) = v**3 + 16*v**2 - 49*v + 39. What are the prime factors of b(-17)?
11, 53
Let m(v) = v + 22. Let g(l) = l**3 - 7*l**2 - 8. Suppose 4*d - 39 = -5*y, -4*d + 4 = -0. Let k be g(y). What are the prime factors of m(k)?
2, 7
Let c be (6/(-4))/((-2)/4). Suppose -2*o - 3*v + 2*v = 0, -4*o = c*v. Let q(z) = z**2 + z + 7. What are the prime factors of q(o)?
7
Let q be (-183)/(-2) - 36/24. What are the prime factors of (0 - 1) + 5/(25/q)?
17
List the prime factors of (12 - -1)/(78/8190).
3, 5, 7, 13
Suppose 0 = -0*b - 3*b - 6, -4*n - 3*b + 18 = 0. Let m(x) = x**3. Let a be m(1). Suppose -c + n = a. What are the prime factors of c?
5
Suppose -b + 6*b = 0. Suppose 0 = -b*w - w. Suppose w = i - 4*v - 53, 4*i = -i + 3*v + 248. List the prime factors of i.
7
Let d(j) = 92*j**2 - j - 1. Let t be d(-2). Suppose 0 = 8*c - 95 - t. List the prime factors of c.
2, 29
Suppose -23*x + 2*x + 2877 = 0. What are the prime factors of x?
137
Suppose 3*u + 2*x - 340 = 0, -2*x - 574 = -5*u + 2*x. What are the prime factors of u?
2, 3, 19
Let g(k) = -93*k - 2. Suppose 0 = 6*o + 6 + 12. Let i be g(o). Suppose -118 = -2*y - 0*b + 3*b, -3*b = -5*y + i. List the prime factors of y.
53
Suppose 52*m - 1115 = 47*m. List the prime factors of m.
223
Let x = 50 + -45. Suppose x*l - 876 = i, l + 4*i = -4*l + 896. List the prime factors of l.
2, 11
Let a = 55 - -306. What are the prime factors of a?
19
Suppose 460*w - 457*w - 1848 = 0. List the prime factors of w.
2, 7, 11
Let u(p) = 7*p**2 + 13*p - 289. List the prime factors of u(19).
5, 7, 71
Let w be 2/3 - (-30)/9. Let b be -1 + (w/(-1) - -5). Suppose -2*x - n + 15 = b, -3*x - 2*n = n - 18. List the prime factors of x.
3
Let q(w) = 155*w + 1. Let j be q(1). Suppose -4*d + 32 = -j. What are the prime factors of d?
47
Suppose 0 = -3*y + y + 8. Suppose -x + 2*t + 3 = 0, -y*t + 8 + 6 = 2*x. Suppose 81 = 2*a + x*c, -5*c - 49 = -3*a + 35. List the prime factors of a.
3, 11
Suppose -2*o = -4*n + 8 - 4, 14 = 5*n + 2*o. Suppose 4*c - 3*l = n*c + 21, 3*c = -2*l - 1. Suppose -c*q + 125 = 2*q. List the prime factors of q.
5
Let p = -381 + 1546. List the prime factors of p.
5, 233
Suppose -i = -0*i. Let k(z) = 4 + z**3 + i - 10*z**2 + 2 + 10*z + 7. List the prime factors of k(9).
2, 11
Let k(q) be the first derivative of -q**4/4 + 2*q**3 - q**2/2 + 4. Let x be k(6). Let a = x - -8. List the prime factors of a.
2
Suppose -3*u + 3*a = 2*u - 394, -3*u - a + 228 = 0. Let q = u + -48. What are the prime factors of q?
29
Suppose -700 = -s + 574. List the prime factors of s.
2, 7, 13
Let r = 241 - 24. Suppose 8*j - 263 = r. List the prime factors of j.
2, 3, 5
Let b = 342 + -139. What are the prime factors of (b - (2 - 4)) + -4?
3, 67
Let f be (-2)/(3/(-18)*2). Suppose -f*w - 2*w = -64. Let o(j) = -j**3 + 9*j**2 - 3*j - 1. List the prime factors of o(w).
3, 13
Suppose -2*h - 10 = 0, 2*c + 3*c = h. Let n(j) = 41*j**2 - 2*j - 2. What are the prime factors of n(c)?
41
Let g = -21 - -66. Suppose -5*w + 90 = g. What are the prime factors of w?
3
Let d be (-1)/(-6) + -2 + 74/(-12). What are the prime factors of (d/14)/((-10)/105)?
2, 3
Let b(g) be the first derivative of -5*g**4/4 + g**3/3 + 3*g**2/2 + 2*g + 8. Let n be b(-1). Suppose 161 + 19 = n*q. List the prime factors of q.
2, 3
Let t = -2779 - -5689. What are the prime factors of t?
2, 3, 5, 97
Suppose 4*w + 3 = p, 0*w + 8 = -3*p - 5*w. Let l = 9 - p. What are the prime factors of l?
2, 5
Let i(n) = 2*n**2 - 4 + 0 + 6 + 2*n. Suppose y = 4*w + 5*y + 12, w + 4*y - 3 = 0. List the prime factors of i(w).
2, 3, 7
Let u = -872 + 1451. List the prime factors of u.
3, 193
Let u = 1 + 9. Let h(d) = -d**3 + 11*d**2 - 5*d + 21. List the prime factors of h(u).
71
Let n be (1 - 11)*(0 + 1). What are the prime factors of (4 + n)*46/(-6)?
2, 23
Let j = -66 - -164. Suppose 0 = 5*a + r - 300, -a + 4*r = a - j. List the prime factors of a.
59
Let p = 322 + -403. Suppose -3 = -s - 22. Let c = s - p. List the prime factors of c.
2, 31
What are the prime factors of (1 - 672/(-3))*3?
3, 5
Suppose 69*i - 2*k = 74*i - 5106, -4*i - 2*k + 4086 = 0. List the prime factors of i.
2, 3, 5, 17
Let b be (-6 + 4)/(2/(-309)). Suppose 9*h - 168 = b. What are the prime factors of h?
53
Suppose 3*w = 10 + 20. Suppose 0 = -w*d + 12*d - 156. List the prime factors of d.
2, 3, 13
Let o = -22 - 2. Suppose g - 57 = 3*k, 3*k + 39 = -g + 126. Let n = g + o. What are the prime factors of n?
2, 3
Let x be 3/5 - 13/5. Let v be 3*x/(-24)*44. Let o = 14 - v. List the prime factors of o.
3
Suppose 18 = -3*t + 15, -5*d + 8277 = -2*t. List the prime factors of d.
5, 331
Let u(r) = -324*r**3 + r**2 + 2*r + 1. Let b be u(-1). Suppose 0 = -4*j - 0*j + b. What are the prime factors of j?
3
Suppose -4512 = -15*d + 5973. Suppose 41*i = 38*i + d. List the prime factors of 